6*t - 1463. Calculate u(-9).
-392
Let k(w) = 77725*w - 854980. Calculate k(11).
-5
Let m(i) = -7*i**2 - 1825*i + 525. Give m(-261).
3
Let g(x) = 6231*x + 37439. Determine g(-6).
53
Let o(u) = -8443*u + 51397. Give o(6).
739
Let x(f) = -f**3 - 48*f**2 - 318*f - 1108. Give x(-40).
-1188
Let f(m) = -230929*m - 4156659. Determine f(-18).
63
Let c(p) = -7*p - 753. Give c(-126).
129
Let d(i) = 5948*i + 613074. Calculate d(-103).
430
Let y(b) = 12*b**3 - 8*b**2 - 7*b - 3. Give y(-1).
-16
Let v(m) = 160*m + 23086. Calculate v(-150).
-914
Let k(u) = 2*u**2 - 958*u + 3829. Determine k(4).
29
Let r(h) = 1238*h - 8752. Calculate r(7).
-86
Let p(v) = -3*v**2 + 481*v + 12426. Calculate p(183).
-18
Let v(h) = -642*h - 559. Give v(-2).
725
Let s(u) = -u**2 + 228*u - 9886. Give s(58).
-26
Let o(u) = -u**2 + 10672*u + 85450. Determine o(-8).
10
Let i(m) = -1041*m**2 + 10402*m + 90. What is i(10)?
10
Let u(z) = -210*z + 3451. What is u(16)?
91
Let t(x) = 2*x**3 + 253*x**2 - 185*x - 4833. Determine t(-127).
2533
Let g(n) = 41037*n - 163732. Give g(4).
416
Let u(n) = -186*n**2 + 100259*n - 2700. What is u(539)?
-5
Let f(x) = 378*x - 54224. Determine f(142).
-548
Let h(r) = 6*r**2 - 308*r - 118. What is h(51)?
-220
Let n(w) = -3966*w + 15838. Calculate n(4).
-26
Let q(u) = 10106*u - 768082. Give q(76).
-26
Let f(k) = -8*k**2 + 12246*k - 12245. Determine f(1).
-7
Let g(r) = 70*r**2 + 496*r + 857. Determine g(-3).
-1
Let g(m) = -4*m**3 + 43*m**2 - 32*m + 25. Calculate g(10).
5
Let h(n) = 2*n**3 + 618*n**2 - 7705*n - 476. Determine h(-321).
-155
Let m(a) = -4*a**2 + 442*a - 12096. Give m(61).
-18
Let m(i) = 9*i**2 + 2471*i + 110951. Calculate m(-218).
-11
Let y(t) = 5263*t + 10296. Determine y(-2).
-230
Let x(l) = l**3 + 34*l**2 - 125*l - 71. Calculate x(-37).
447
Let x(w) = -w**2 + 5290*w - 220304. Give x(42).
112
Let a(w) = -w**2 + 1901495*w - 38029494. Determine a(20).
6
Let b(u) = 10*u**3 - 73*u**2 - 342*u + 2566. Give b(7).
25
Let l(f) = 3*f**3 + 45*f**2 - 4113*f - 65046. Give l(-16).
-6
Let s(v) = 3*v**2 + 33*v + 323. Give s(-5).
233
Let g(t) = -t**3 + 12*t**2 - 110*t + 1199. What is g(10)?
299
Let r(i) = -i**2 - 127*i - 3547. Give r(-39).
-115
Let a(l) = -l**3 - 15*l**2 - 1142*l - 16006. What is a(-14)?
-214
Let h(k) = 33*k**2 - 1122*k + 221. Give h(33).
-868
Let y(p) = -2466*p**2 - 46848*p + 132. Calculate y(-19).
18
Let h(k) = 4*k**2 - 850*k + 42187. Determine h(79).
1
Let l(a) = -721*a + 26656. Determine l(37).
-21
Let w(h) = -623*h**3 - 23*h**2 + 20*h + 2. Calculate w(1).
-624
Let r(x) = 46*x**3 + 235*x**2 - 27*x - 220. Calculate r(-5).
40
Let q(n) = -n**2 + 1008*n + 29513. Calculate q(-28).
505
Let h(r) = 3*r**3 - 27*r**2 + 54*r - 17. Give h(7).
67
Let q(v) = -3751*v - 892742. Calculate q(-238).
-4
Let a(c) = -12*c**2 - 1050*c - 1465. Determine a(-86).
83
Let j(o) = -603*o + 42. Calculate j(-1).
645
Let a(j) = 42*j**2 - 164*j - 15. What is a(8)?
1361
Let l(f) = -2*f**3 + 9*f**2 + 9643*f - 57745. What is l(6)?
5
Let o(g) = -6697642*g - 20092922. What is o(-3)?
4
Let j(h) = -5*h**2 + 251*h - 3111. Determine j(18).
-213
Let z(h) = 82*h + 7140. Determine z(-90).
-240
Let c(a) = -3*a - 225. Calculate c(-70).
-15
Let c(r) = -4*r**2 + 267*r + 115. Give c(68).
-225
Let v(a) = a**3 - 73*a**2 - 246*a + 17875. What is v(73)?
-83
Let s(b) = 262*b**2 - 3674*b - 13258. Calculate s(17).
2
Let h(s) = 2*s**3 - 76*s**2 + 268*s - 166. What is h(34)?
-302
Let h(d) = d**2 - 5657*d + 1566586. Determine h(292).
6
Let v(p) = 21916*p - 109525. Give v(5).
55
Let z(k) = k**3 - 3*k**2 - 92*k - 47. Calculate z(-8).
-15
Let p(v) = -24*v**2 + 340*v + 1028. Calculate p(-3).
-208
Let j(x) = -24*x**2 - 4059*x - 16317. Calculate j(-165).
18
Let k(f) = 7828*f - 1088093. Calculate k(139).
-1
Let t(n) = n**3 + 543*n**2 - 1633*n + 12. What is t(3)?
27
Let o(l) = 4*l**2 + 964*l + 42932. Determine o(-182).
-20
Let y(x) = -x**3 + 85*x**2 + 757*x + 968. Calculate y(93).
2177
Let z(b) = -2916*b + 271189. What is z(93)?
1
Let j(c) = -c**3 + 1726*c**2 - 478516*c + 4145. Calculate j(1379).
8
Let r(z) = 571*z**2 - 35402*z + 44. Give r(62).
44
Let m(t) = -6012*t - 1538792. What is m(-256)?
280
Let a(i) = 436*i**2 - 96358*i + 638. Determine a(221).
196
Let p(g) = -851*g - 22875. Calculate p(-27).
102
Let w(j) = j**3 - 14*j**2 + 20*j - 540. Calculate w(16).
292
Let k(l) = -29*l**2 + 1395*l - 227. Determine k(48).
-83
Let p(j) = 1955*j - 121181. Give p(61).
-1926
Let v(m) = 8*m**2 + 2140*m - 3303. What is v(-269)?
-75
Let k(x) = 346*x + 5277. Determine k(-12).
1125
Let y(k) = 2*k**3 - 61*k**2 - 44*k + 465. Determine y(31).
62
Let q(n) = n**2 - 126*n - 2535. What is q(-19)?
220
Let y(f) = 151*f - 14571. What is y(95)?
-226
Let t(n) = -38*n**2 + 377*n + 69. Determine t(10).
39
Let s(a) = 3*a**3 - a**2 - 6584*a + 191. Give s(47).
3
Let z(q) = -7*q**3 - 999*q**2 + 266*q - 2874. Determine z(-143).
-14
Let r(a) = 5824*a + 267880. Give r(-46).
-24
Let c(t) = -17*t**2 + 662*t + 9343. Give c(-11).
4
Let g(o) = o**2 - 5446*o + 1659543. Determine g(324).
15
Let w(d) = 3*d**3 + 184*d**2 - 3317*d - 1766. What is w(15)?
4
Let o(m) = m**3 + 22*m**2 - 177087*m - 13539. Determine o(410).
-9
Let n(l) = 3*l**3 - 4*l**2 + 9*l - 5. Calculate n(3).
67
Let m(t) = 416*t + 79062. Calculate m(-190).
22
Let n(r) = -523*r**2 - 2170*r - 331. What is n(-4)?
-19
Let c(a) = -17*a**3 + 13*a**2 + 26*a + 32. Calculate c(-4).
1224
Let p(h) = -603*h**2 - 11*h - 8. Give p(-1).
-600
Let c(j) = -1156491*j + 43946664. What is c(38)?
6
Let d(o) = -97*o**2 - 385*o + 1830. Determine d(5).
-2520
Let a(x) = 3*x**2 + 6488*x - 38919. Give a(6).
117
Let r(b) = -3*b**2 + 8106*b - 88809. Determine r(11).
-6
Let k(m) = -m**3 + 89*m**2 + 1696*m - 1722. What is k(105)?
-42
Let h(o) = 18853*o - 18045. What is h(1)?
808
Let b(i) = 987*i - 18416. Give b(20).
1324
Let q(n) = -n**2 + 15534*n - 496072. Calculate q(32).
-8
Let h(o) = -o**2 + 752*o - 10498. Give h(14).
-166
Let c(v) = -3*v**2 + 124*v - 278. Give c(39).
-5
Let i(m) = -462*m**3 + 6*m**2 + 557*m + 552. What is i(-1)?
463
Let b(x) = -15673*x**2 - 94038*x - 7. Determine b(-6).
-7
Let q(d) = -534*d - 170858. Give q(-320).
22
Let x(k) = 57*k - 2345. Calculate x(33).
-464
Let k(d) = d**3 - 63*d**2 + 53*d - 2009. What is k(63)?
1330
Let t(c) = 130*c**2 + 1745*c + 7. Calculate t(-12).
-2213
Let x(a) = -17265*a - 2745203. Determine x(-159).
-68
Let i(b) = -4*b**3 + 18*b**2 + 31*b + 5. Calculate i(8).
-643
Let s(y) = -y**3 - 294*y**2 + 24181*y - 2204. Give s(-361).
-38
Let k(z) = 2*z**3 - 355*z**2 + 10702*z - 47. Calculate k(139).
-186
Let o(a) = -5*a**2 + 517*a - 12607. Determine o(64).
1
Let z(k) = 2*k**2 - 1106*k + 42007. Give z(40).
967
Let t(h) = -4701*h + 51706. Determine t(11).
-5
Let n(m) = -2*m**3 - 246*m**2 - 721*m - 197. What is n(-120)?
-77
Let o(k) = -2*k**2 + 520*k + 10621. What is o(-20)?
-579
Let z(k) = 41*k**2 - 770*k - 1541. Calculate z(-2).
163
Let n(l) = 434*l - 3098. Calculate n(6).
-494
Let d(u) = -8*u**2 - 577*u - 70. Determine d(-72).
2
Let a(x) = -14*x**2 - 723*x - 9529. Determine a(-13).
-2496
Let g(t) = -4444*t + 30926. Determine g(7).
-182
Let f(j) = -10199*j - 40801. Determine f(-4).
-5
Let x(q) = -26*q**2 - 124*q + 197. Give x(-4).
277
Let v(x) = 2*x**2 + 63*x - 4449. Calculate v(36).
411
Let f(v) = -480*v**2 - 211198*v + 880. What is f(-440)?
0
Let u(r) = -r**3 + 234*r**2 - 23*r + 5381. Give u(234).
-1
Let f(s) = -247*s**3 - 5*s**2 + 312*s - 307. Calculate f(1).
-247
Let p(z) = z**3 + 98*z**2 + 812*z - 28. Give p(-89).
-1007
Let z(c) = 9489*c - 2505099. Calculate z(264).
-3
Let s(r) = r**3 + 79*r**2 - 844*r - 66675. What is s(-79)?
1
Let t(w) = -2756*w**2 + 10923*w + 404. Give t(4).
0
Let y(c) = c**3 + 16*c**2 - 228*c - 3469. Calculate y(-18).
-13
Let d(p) = -p**2 - 114*p - 542. What is d(-115)?
-657
Let v(a) = 302*a - 3745. Calculate v(15).
785
Let h(r) = -4*r**2 + 141*r + 15999. Calculate h(-48).
15
Let x(z) = -8*z**2 + 277*z - 574. What is x(26)?
1220
Let w(s) = 6*s**3 + 17*s**2 + 59*s - 61. What is w(-7)?
-1699
Let k(l) = -1985461*l - 41694675. What is k(-21)?
6
Let x(v) = 2*v**2 + 553*v - 24885. Calculate x(-316).
79
Let o(i) = 1951*i + 19572. Give o(-10).
62
Let x(o) = o**2 + 1220*o + 175798. Determine x(-167).
-53
Let s(l) = l**3 + 429*l**2 + 741*l - 47800. What is s(-42